*2 - 4*w - 2. Suppose 0 = -2*q - 3*q + 110. Suppose -q = -5*d + 18. Suppose 4*j = d, i + 4*i - 5*j + 30 = 0. Determine v(i).
-2
Suppose -i + 10 = -0*i - 2*n, -18 = -4*i - 3*n. Let m be (2/i)/((-2)/(-6)). Let k(v) = 3*v**3 - 2*v**2 + v. Let t be k(m). Let j(c) = -c + 1. Determine j(t).
-1
Let d(k) = 0 + 0 + 0 + k**2. Let m(l) = 12*l**3 - 6*l**2 - 2*l - 1. Let b(g) = 6*d(g) + m(g). Give b(-1).
-11
Suppose 5 = 3*c - 4. Suppose 3*b - 12 = c*o, -o + 6 = 3*b - 2*o. Let l = 1 - b. Let r(k) = -k**3 + k - 7. What is r(l)?
-7
Let b(u) = u**2 + 6*u + 4. Let m be b(-4). Let l(i) = -i**3 + i**2. Let y(k) = -5*k**3 + 10*k**2 + 2*k. Let n(t) = -6*l(t) + y(t). What is n(m)?
-8
Let c(t) be the third derivative of -t**5/40 + t**4/24 + t**3/3 - 2*t**2. Let r(w) be the first derivative of c(w). Give r(2).
-5
Let i = -8 - -11. Let y = i - -4. Suppose 3 + y = -5*c. Let h(r) = r**3 + 3*r**2 - r - 2. What is h(c)?
4
Suppose -2*x - 5 = -5*d + 10, 4*d - 2*x = 14. Let w(n) = -6*n**3 + 1. Give w(d).
-5
Let p(s) = -5*s**3 + 4*s**2 + 3*s + 8. Let l(u) = 13*u**3 - 11*u**2 - 8*u - 24. Let o(f) = -3*l(f) - 8*p(f). Give o(0).
8
Let f(d) be the third derivative of -d**4/12 + d**3/3 - 4*d**2. Give f(4).
-6
Let l(n) = -n**3 + 11*n**2 - 9*n - 8. Let a be l(10). Let z(s) = -s**2 - 2. Give z(a).
-6
Let f(o) = 2*o**2 + 2*o. Let u(i) = i**2 + i + 2. Let n be u(0). Suppose n*w = -3*w. Suppose -2*j - 5 + 1 = w. Give f(j).
4
Let r(s) = s**2 + 7*s - 9. Let j(z) = 2*z**2 - 14*z + 12. Let v be j(5). What is r(v)?
-1
Let j(m) = m**3 + m**2 - 6*m + 3. Let u(a) be the second derivative of -a**3/6 - 2*a. Let o(g) = -j(g) + 3*u(g). Calculate o(-3).
6
Let s(v) = -v**2 - v + 1. Let z(i) = 2*i**3 + 11*i**2 - 7*i - 9. Let f = -6 + 0. Let r be z(f). Determine s(r).
-5
Let k(w) = 6*w**2 - 4*w**3 - 6 + w + 3*w**3 - 7*w**2. Suppose -8*l = -5*l. Calculate k(l).
-6
Let s(g) = g. Let c(o) = 3*o - 1. Let l(d) = -c(d) - s(d). Let k be (6 + -3 + -3)*-1. Suppose k = -q + 4*q - 6. Give l(q).
-7
Let o(k) be the second derivative of -k**3/6 + 15*k**2/2 - 29*k. What is o(0)?
15
Suppose 0*s = v + 2*s + 2, 16 = 5*v - 3*s. Let f(c) = 0*c + 7 + v*c + 6*c - c**2 - 3*c. Give f(5).
7
Let a(f) = -5*f + 0*f**2 + 3*f**2 + 1 + 8*f**3 + f. Let h(y) = 8*y**3 + 2*y**2 - 3*y + 1. Let n(j) = -3*a(j) + 4*h(j). What is n(-1)?
-8
Let r(j) = -j**3 - 3. Let p be -2 + 2 + (-25)/(-5). Suppose 0*k = -p*k. Give r(k).
-3
Let r(z) = -3*z - 7. Let f(h) = h**3 + 6*h**2 - 5*h + 9. Let b be f(-7). Give r(b).
8
Let g(a) = -a + 3. Suppose 0 = 3*k + h + 8, -3*h + 12 = k + h. What is g(k)?
7
Let p(a) = 3*a + 17. Let u be p(-6). Let o(y) = -6*y**3 + y**2 + 2*y + 1. Let w be o(u). Let s(f) = f**2 - 5*f - 1. Give s(w).
5
Suppose 2 = 4*j - 6. Let x(z) = 0*z + 0*z + z - 3*z**j - 6 + 2*z**2. Determine x(0).
-6
Suppose 2*g - 2*i = -0 + 4, -2*i + 8 = 4*g. Let q(s) be the third derivative of -1/24*s**4 - 1/120*s**6 + s**2 - 1/6*s**3 + 0*s + 0 + 1/15*s**5. Calculate q(g).
5
Suppose -5*l - d + 7 = -2*l, -2*l - 2 = 2*d. Let y(u) = 2*u + 2. What is y(l)?
10
Let o(u) = -7*u**2 - u + 5. Let h(r) = 3*r + 6*r**2 - 4*r + 2*r - 4. Let k(d) = -6*h(d) - 5*o(d). Calculate k(0).
-1
Let m(v) = -22*v + 7. Let b(j) = 34*j - 11. Let i(h) = -5*b(h) - 8*m(h). Determine i(2).
11
Let h(m) = 3*m + 2. Suppose -3*z + 2 = -2*z. Calculate h(z).
8
Let w(j) = -1 + 0*j - j + 2*j. Let q be (-2)/(-1) - (-2 - -1). Suppose -4*b + 32 = 4*z, -q*z - 1 = -10. What is w(b)?
4
Let o(z) = z**2 - 3*z. Let a(n) = -n**2 + 3*n + 1. Let i(t) = 4*a(t) + 3*o(t). Let x be ((-1)/(-1))/((-1)/9). Let j = x + 14. Calculate i(j).
-6
Suppose -2*l + 14 = -5*k, 0 = -3*l - l + 4*k + 28. Let f(j) = -j**2 + 8*j - 5. Determine f(l).
2
Let u(l) = l**3 - 5*l**2 + 4*l + 3. Let b be (-3 - (-1 - 1)) + 6. Suppose 0 = -b*j + 25 - 5. Determine u(j).
3
Let q(o) = -5*o - 2. Let w(h) = -2*h**2 - 2*h**2 + 3*h**2 + 2 - 5*h + 7. Let y be w(-6). Calculate q(y).
-17
Suppose 4*r + 8 = 0, -l + 0*l = -3*r - 12. Let c(v) = 12*v**2 - 5*v + 4*v**2 + l*v. Determine c(-1).
15
Let p be (0 - -7)/(2/4). Let r be (-76)/(-28) - (-4)/p. Let x(n) = -1 + 9*n - 4 - r*n - n**2. Determine x(5).
0
Let r(i) = i**3 - 2*i**2 + 3*i - 1. Let t be r(2). Suppose -3*d - 10 = 2*d, 2*d - 11 = -t*v. Let l(o) = o**2 - 3. Give l(v).
6
Let l(f) be the first derivative of -1/4*f**4 - 5/2*f**2 + f + 3 + 2*f**3. Determine l(5).
1
Let t(x) = -1. Let i(j) = -j + 1. Let y(a) = -i(a) - 2*t(a). What is y(4)?
5
Suppose 3*q - 21 = -9. Let u(k) = k**2 - 7*k + 6. What is u(q)?
-6
Let r be (0/2)/(2/1). Let s(j) = 3*j**3 - 5*j**2 - 7*j + 11. Let l(o) = -2*o**3 + 3*o**2 + 4*o - 6. Let c(v) = 5*l(v) + 3*s(v). Give c(r).
3
Let b(x) = x**3 + x**2 + x + 11. Suppose -l + 2 = -4. Let r(w) = w - 6. Let g be r(l). Calculate b(g).
11
Suppose -n + 12 = -2*i + 33, 4*n + 48 = 5*i. Suppose 5*a - s = i, 27 = 5*a + 5*s - 3. Let x(k) = -k**2 + 2 - a - 3 + 0. What is x(0)?
-4
Let k(i) = i**2 - 5*i - 3. Suppose 5*f + 13 = 3*g, -2*g = -g - f - 7. Let y = -7 + g. Determine k(y).
-7
Let w(x) = -3*x + 1. Suppose -3*j + 10 = -2. Suppose 0 = -j*r - 0*r. Suppose -3*k - 2*d = -0*k + 11, 2*k - 4*d - 14 = r. What is w(k)?
4
Let p(q) = -20*q - 2. Let k(s) = -30*s - 3. Let z(b) = -5*k(b) + 7*p(b). Let o(w) = -w. Let x(f) = -5*o(f) - z(f). Calculate x(-2).
9
Let u(z) = 0*z**2 + 2*z**2 - 2*z + 2*z**2 - 2 - 13*z**3 + 14*z**3. Determine u(-3).
13
Let p(l) = 0 + 1 + 0*l - l. Suppose 0 = y - 1 + 6. What is p(y)?
6
Let v(l) = -l**2 + l + 2. Let p = 30 - 30. Calculate v(p).
2
Let q(w) = -w**3 - 5*w**2 + 3. Let c be q(-5). Let o(t) = -1 - 3*t**3 + t - t + 2*t**c. What is o(-1)?
0
Suppose 4*i + 4 = -4*d, -5*i + 0*i - 5 = 4*d. Let k(t) be the third derivative of t**5/60 - 5*t**3/6 - 2*t**2. Let u be k(d). Let f(c) = c + 1. What is f(u)?
-4
Suppose -2*d - 2*j = 4, 3*d = 2*d - 4*j - 5. Let t(c) = -3*c + 1. What is t(d)?
4
Let q(n) be the first derivative of -n**4/4 - 5*n**3/3 + 7*n + 18. Let h(d) = -2*d + 1. Let o be h(3). Give q(o).
7
Let c(t) = -t**2 + 1. Let o(p) = 2*p**2 - 3*p - 9. Suppose 8 = -5*n + 2*n + 5*d, 4*n + 3*d = -30. Let k(u) = n*c(u) - o(u). Calculate k(-2).
13
Let b(c) be the first derivative of 3*c + 5/2*c**2 - 3. Calculate b(-2).
-7
Let q = 174 - 167. Let h(x) = x - 7. Calculate h(q).
0
Let l(q) be the third derivative of -7/24*q**4 + 0 - 1/60*q**5 + 4*q**2 + 0*q - q**3. What is l(-4)?
6
Let w(t) = t - 3. Suppose 24 = 3*f + 4*p, -p + 0*p = 4*f - 19. Suppose v - c = 5, 15 = f*v + c - 0. Give w(v).
1
Let a(q) = -2*q - 9. Let l be a(-6). Let s(f) = 2*f + 6 + f + 2*f**2 - 8*f**2 - l*f**3 + 4*f**3. Determine s(5).
-4
Let y(j) be the first derivative of -j**2 + 4*j - 1. Suppose -5*o = -10*o - 4*q + 7, 0 = -4*o - q + 10. Let n = 1 + o. Give y(n).
-4
Let k = 10 + -5. Let r(n) = -3 - 3 + k + 2 - 4*n. Calculate r(-1).
5
Let h be (-6)/51 - 210/(-51). Let n(i) = 0*i**2 + 0*i**3 + 5*i**2 - 9*i**2 - i**3 + h*i. Let a(v) = -v - 11. Let j be a(-6). Give n(j).
5
Suppose u = -2*z + 16, 0 = -3*u + u + 4*z - 8. Let n(m) = m**2 - 6*m + 7. Give n(u).
7
Let v(q) = 7 + 48*q**2 + 42*q**2 + q**3 - 89*q**2. Give v(0).
7
Suppose -5*z = 9 + 1. Let b(f) = f**2 + f - 1. What is b(z)?
1
Let c(f) = f**3 - 9*f**2 - 11*f + 11. Let s be c(10). Let u(b) = 6*b**2. Let t be u(s). Let g(q) = -q**2 + 6*q - 5. Give g(t).
-5
Let w = -7 - -7. Suppose w*u = u - 2. Let y(g) = -3 - 3 + g + g**u - 7*g + 1. Determine y(6).
-5
Let o(a) = -a**2 + 4*a + 8. Let k(c) = -2*c**2 + 37*c + 25. Let m be k(19). Determine o(m).
-4
Let s(p) = -4*p**2 - 2*p + 5. Let f(o) = 9*o**2 + 4*o - 10. Let r(a) = -2*f(a) - 5*s(a). Determine r(-4).
19
Let a(d) = -d**2 - 5*d + 7. Let f be a(-6). Let y(v) = -5*v + f + 0*v + v. Give y(-1).
5
Let m(s) = -s**3 + 2*s**2 + 2*s - 1. Suppose -36*d + 32*d + 12 = 0. Determine m(d).
-4
Let r(v) = v**2 - 6*v + 3. Let w be (-12)/18*(-15)/2. What is r(w)?
-2
Let b(j) = -3*j**3 + 3*j**2 - 7*j + 1. Let g(x) = -5*x**3 + 5*x**2 - 11*x + 2. Let q(o) = 8*b(o) - 5*g(o). Give q(3).
13
Let m(o) = -3*o**2 + 22*o + 6. Let k(b) = -b**2 + 7*b + 2. Let l(d) = -7*k(d) + 2*m(d). Give l(3).
-8
Let p be (1 - 5) + -1 + 4 + 1. Suppose 0*b - 3*b + 6 = 0. Let c(x) = -x - x**b + x. Determine c(p).
0
Let q(i) = 4*i**2 - 7*i - 1 + 5 - 3*i**2. Let h = 42 - 37. What is q(h)?
-6
Let r(l) = 2*l**2 + 4*l + 3. Suppose -4 = n - 3*n. Suppose j = n*j - 3, o = 4*j - 2. Le